{"id":2,"date":"2025-06-02T13:59:03","date_gmt":"2025-06-02T13:59:03","guid":{"rendered":"https:\/\/www.djdaniel.pl\/?page_id=2"},"modified":"2025-06-22T15:24:36","modified_gmt":"2025-06-22T15:24:36","slug":"sample-page","status":"publish","type":"page","link":"https:\/\/www.djdaniel.pl\/","title":{"rendered":"Strona g\u0142\u00f3wna"},"content":{"rendered":"\n<div class=\"wp-block-media-text is-stacked-on-mobile\"><figure class=\"wp-block-media-text__media\"><img loading=\"lazy\" decoding=\"async\" width=\"500\" height=\"500\" src=\"https:\/\/www.djdaniel.pl\/wp-content\/uploads\/2025\/06\/Projekt-bez-nazwy.png\" alt=\"\" class=\"wp-image-59 size-full\" srcset=\"https:\/\/www.djdaniel.pl\/wp-content\/uploads\/2025\/06\/Projekt-bez-nazwy.png 500w, https:\/\/www.djdaniel.pl\/wp-content\/uploads\/2025\/06\/Projekt-bez-nazwy-300x300.png 300w, https:\/\/www.djdaniel.pl\/wp-content\/uploads\/2025\/06\/Projekt-bez-nazwy-150x150.png 150w\" sizes=\"auto, (max-width: 500px) 100vw, 500px\" \/><\/figure><div class=\"wp-block-media-text__content\">\n<p>Cze\u015b\u0107! <br>Nazywam si\u0119 Daniel Banasik i jako DJ pomagam tworzy\u0107 wydarzenia, kt\u00f3re si\u0119 pami\u0119ta \u2013 od klimatycznych wesel, przez eleganckie eventy firmowe, po niezobowi\u0105zuj\u0105ce imprezy z przyjaci\u00f3\u0142mi.<\/p>\n\n\n\n<p>Nie pracuj\u0119 z gotowca. Dobieram muzyk\u0119, a tak\u017ce spos\u00f3b prowadzenia imprezy do Ciebie, Twoich go\u015bci i atmosfery, kt\u00f3r\u0105 chcesz stworzy\u0107. <br>Z klas\u0105, bez sztuczno\u015bci \u2013 za to z energi\u0105, kt\u00f3ra naprawd\u0119 dzia\u0142a.<\/p>\n\n\n\n<p>Stawiam na muzyk\u0119, kt\u00f3ra pasuje, buduje nastr\u00f3j, a nie tylko gra.<br>I na to, \u017ceby\u015b czu\u0142, \u017ce wszystko masz pod kontrol\u0105 \u2013 od pierwszej rozmowy po ostatni utw\u00f3r.<br><br>zapraszam do <a href=\"https:\/\/www.djdaniel.pl\/index.php\/kontakt\/\" data-type=\"page\" data-id=\"18\">kontaktu<\/a>.<\/p>\n<\/div><\/div>\n\n\n<div style=\"width:1000px;max-width:100%;border-radius:8px;box-shadow: 0 1px 6px #B8C5D366;overflow:hidden;\" class=\"wzk-widget iframe-height\" data-wzk-widget-type=\"type1\" data-wzk-notice=\"60325\">\n<div style=\"background-color:#F5F6FA;text-align:center;padding:16px;font-size:12px;line-height:12px;\"><a class=\"wzk-accent-color\" title=\"DJ Daniel Banasik\" href=\"https:\/\/www.weselezklasa.pl\/ogloszenia-weselne\/dj-daniel-banasik,60325\/#opinie\" rel=\"nofollow\" target=\"_blank\" style=\"color:currentColor;text-decoration:none;\">DJ Daniel Banasik<\/a><img decoding=\"async\" style=\"margin:8px auto 0;display:block\" src=\"https:\/\/widgets.4wzk.pl\/dist\/img\/footer-logo.svg\" alt=\"Wesele z klas\u0105\"><\/div>\n<\/div>\n<p><script src=\"https:\/\/widgets.4wzk.pl\/dist\/js\/widget.js\" defer=\"true\"><\/script><\/p>\n\n\n\n<p><\/p>\n","protected":false},"excerpt":{"rendered":"<p>Cze\u015b\u0107! Nazywam si\u0119 Daniel Banasik i jako DJ pomagam tworzy\u0107 wydarzenia, kt\u00f3re si\u0119 pami\u0119ta \u2013 od klimatycznych wesel, przez eleganckie eventy firmowe, po niezobowi\u0105zuj\u0105ce imprezy z przyjaci\u00f3\u0142mi. Nie pracuj\u0119 z gotowca. Dobieram muzyk\u0119, a tak\u017ce spos\u00f3b prowadzenia imprezy do Ciebie, Twoich go\u015bci i atmosfery, kt\u00f3r\u0105 chcesz stworzy\u0107. Z klas\u0105, bez sztuczno\u015bci \u2013 za to z&#8230;<\/p>\n","protected":false},"author":1,"featured_media":0,"parent":0,"menu_order":0,"comment_status":"closed","ping_status":"open","template":"","meta":{"_kad_post_transparent":"","_kad_post_title":"hide","_kad_post_layout":"default","_kad_post_sidebar_id":"","_kad_post_content_style":"","_kad_post_vertical_padding":"","_kad_post_feature":"show","_kad_post_feature_position":"above","_kad_post_header":false,"_kad_post_footer":false,"_kad_post_classname":"","footnotes":""},"class_list":["post-2","page","type-page","status-publish","hentry"],"_links":{"self":[{"href":"https:\/\/www.djdaniel.pl\/index.php\/wp-json\/wp\/v2\/pages\/2","targetHints":{"allow":["GET"]}}],"collection":[{"href":"https:\/\/www.djdaniel.pl\/index.php\/wp-json\/wp\/v2\/pages"}],"about":[{"href":"https:\/\/www.djdaniel.pl\/index.php\/wp-json\/wp\/v2\/types\/page"}],"author":[{"embeddable":true,"href":"https:\/\/www.djdaniel.pl\/index.php\/wp-json\/wp\/v2\/users\/1"}],"replies":[{"embeddable":true,"href":"https:\/\/www.djdaniel.pl\/index.php\/wp-json\/wp\/v2\/comments?post=2"}],"version-history":[{"count":14,"href":"https:\/\/www.djdaniel.pl\/index.php\/wp-json\/wp\/v2\/pages\/2\/revisions"}],"predecessor-version":[{"id":77,"href":"https:\/\/www.djdaniel.pl\/index.php\/wp-json\/wp\/v2\/pages\/2\/revisions\/77"}],"wp:attachment":[{"href":"https:\/\/www.djdaniel.pl\/index.php\/wp-json\/wp\/v2\/media?parent=2"}],"curies":[{"name":"wp","href":"https:\/\/api.w.org\/{rel}","templated":true}]}}